{"id":85283,"date":"2024-08-24T12:25:40","date_gmt":"2024-08-24T10:25:40","guid":{"rendered":"https:\/\/wpwebsitecoach.de\/zwischenschritt\/?page_id=85283"},"modified":"2025-08-11T14:57:56","modified_gmt":"2025-08-11T12:57:56","slug":"clearing","status":"publish","type":"page","link":"https:\/\/irene-wolk.de\/zwischenschritt\/clearing\/","title":{"rendered":"Clearing"},"content":{"rendered":"<p>[et_pb_section fb_built=&#8220;1&#8243; admin_label=&#8220;section&#8220; _builder_version=&#8220;4.27.0&#8243; background_color=&#8220;#005186&#8243; custom_margin=&#8220;0px||0px||true|false&#8220; custom_padding=&#8220;0px||0px||true|false&#8220; da_disable_devices=&#8220;off|off|off&#8220; locked=&#8220;off&#8220; global_colors_info=&#8220;{}&#8220; da_is_popup=&#8220;off&#8220; da_exit_intent=&#8220;off&#8220; da_has_close=&#8220;on&#8220; da_alt_close=&#8220;off&#8220; da_dark_close=&#8220;off&#8220; da_not_modal=&#8220;on&#8220; da_is_singular=&#8220;off&#8220; da_with_loader=&#8220;off&#8220; da_has_shadow=&#8220;on&#8220;][et_pb_row column_structure=&#8220;3_5,2_5&#8243; use_custom_gutter=&#8220;on&#8220; gutter_width=&#8220;1&#8243; make_equal=&#8220;on&#8220; _builder_version=&#8220;4.27.0&#8243; _module_preset=&#8220;default&#8220; width=&#8220;100%&#8220; max_width=&#8220;100%&#8220; min_height=&#8220;550px&#8220; custom_margin=&#8220;0px||0px||true|false&#8220; custom_padding=&#8220;0px||0px||true|false&#8220; global_colors_info=&#8220;{}&#8220;][et_pb_column type=&#8220;3_5&#8243; _builder_version=&#8220;4.27.0&#8243; _module_preset=&#8220;default&#8220; background_image=&#8220;https:\/\/irene-wolk.de\/wp-content\/uploads\/sites\/11\/2024\/08\/shutterstock_373977883ClearingNeu.jpg&#8220; background_position=&#8220;bottom_right&#8220; background_vertical_offset=&#8220;15%&#8220; custom_padding=&#8220;0px|0px|0px|0px|true|true&#8220; global_colors_info=&#8220;{}&#8220;][\/et_pb_column][et_pb_column type=&#8220;2_5&#8243; _builder_version=&#8220;4.27.0&#8243; _module_preset=&#8220;default&#8220; custom_padding=&#8220;50px|50px|50px|50px|true|true&#8220; global_colors_info=&#8220;{}&#8220;][et_pb_text _builder_version=&#8220;4.27.0&#8243; _module_preset=&#8220;default&#8220; text_text_color=&#8220;#FFFFFF&#8220; link_text_color=&#8220;#FFFFFF&#8220; quote_text_color=&#8220;#FFFFFF&#8220; header_4_font=&#8220;|||on|||||&#8220; header_4_text_align=&#8220;left&#8220; header_4_text_color=&#8220;#E2E2E2&#8243; header_4_font_size=&#8220;20px&#8220; header_4_line_height=&#8220;1.2em&#8220; custom_margin=&#8220;0px||0px||false|false&#8220; custom_padding=&#8220;19px|20px|0px|0px|false|false&#8220; locked=&#8220;off&#8220; global_colors_info=&#8220;{%22gcid-primary-color%22:%91%22link_text_color%22,%22link_text_color%22,%22link_text_color%22,%22link_text_color%22,%22link_text_color%22,%22link_text_color%22,%22link_text_color%22%93,%22gcid-heading-color%22:%91%22header_text_color%22,%22header_3_text_color%22,%22header_2_text_color%22,%22header_5_text_color%22,%22header_6_text_color%22,%22quote_text_color%22,%22header_text_color%22,%22header_3_text_color%22,%22header_2_text_color%22,%22header_5_text_color%22,%22header_6_text_color%22,%22quote_text_color%22,%22header_text_color%22,%22header_3_text_color%22,%22header_2_text_color%22,%22header_5_text_color%22,%22header_6_text_color%22,%22quote_text_color%22,%22header_text_color%22,%22header_3_text_color%22,%22header_2_text_color%22,%22header_5_text_color%22,%22header_6_text_color%22,%22quote_text_color%22,%22header_text_color%22,%22header_3_text_color%22,%22header_2_text_color%22,%22header_5_text_color%22,%22header_6_text_color%22,%22quote_text_color%22,%22header_text_color%22,%22header_3_text_color%22,%22header_2_text_color%22,%22header_5_text_color%22,%22header_6_text_color%22,%22quote_text_color%22,%22header_text_color%22,%22header_3_text_color%22,%22header_2_text_color%22,%22header_5_text_color%22,%22header_6_text_color%22,%22quote_text_color%22%93,%22gcid-body-color%22:%91%22text_text_color%22,%22text_text_color%22,%22text_text_color%22,%22text_text_color%22,%22text_text_color%22,%22text_text_color%22,%22text_text_color%22%93,%22gcid-secondary-color%22:%91%22quote_border_color%22,%22quote_border_color%22,%22quote_border_color%22,%22quote_border_color%22,%22quote_border_color%22,%22quote_border_color%22,%22quote_border_color%22%93}&#8220; header_4_text_color__hover=&#8220;#FFFFFF&#8220; header_4_text_color__hover_enabled=&#8220;on|hover&#8220;]<\/p>\n<h4>Kl\u00e4rung der Hilfeformen<\/h4>\n<p>[\/et_pb_text][et_pb_text _builder_version=&#8220;4.27.0&#8243; _module_preset=&#8220;default&#8220; header_2_font=&#8220;|700||on|||||&#8220; header_2_text_align=&#8220;left&#8220; header_2_text_color=&#8220;#FFFFFF&#8220; header_2_font_size=&#8220;30px&#8220; header_2_letter_spacing=&#8220;1px&#8220; header_2_line_height=&#8220;1.28em&#8220; custom_margin=&#8220;0px||5px||false|false&#8220; custom_padding=&#8220;0px||0px||false|false&#8220; header_2_font_size_tablet=&#8220;37px&#8220; header_2_font_size_phone=&#8220;28px&#8220; locked=&#8220;off&#8220; global_colors_info=&#8220;{}&#8220;]<\/p>\n<h2>Clearing<\/h2>\n<p>[\/et_pb_text][et_pb_blurb title=&#8220;Abkl\u00e4rung famili\u00e4rer Situation&#8220; use_icon=&#8220;on&#8220; font_icon=&#8220;&#x4e;||divi||400&#8243; icon_placement=&#8220;left&#8220; _builder_version=&#8220;4.27.0&#8243; _module_preset=&#8220;default&#8220; header_font=&#8220;Comfortaa_local|&#8211;et_global_heading_font_weight|||||||&#8220; header_text_color=&#8220;#FFFFFF&#8220; custom_padding=&#8220;1px||0px||false|false&#8220; global_colors_info=&#8220;{%22gcid-body-color%22:%91%22body_text_color%22,%22body_text_color%22%93,%22gcid-primary-color%22:%91%22body_link_text_color%22,%22icon_color%22,%22body_link_text_color%22,%22icon_color%22%93}&#8220;][\/et_pb_blurb][et_pb_blurb title=&#8220;Einsch\u00e4tzung der Ressourcen&#8220; use_icon=&#8220;on&#8220; font_icon=&#8220;&#x4e;||divi||400&#8243; icon_placement=&#8220;left&#8220; _builder_version=&#8220;4.27.0&#8243; _module_preset=&#8220;default&#8220; header_font=&#8220;Comfortaa_local|&#8211;et_global_heading_font_weight|||||||&#8220; header_text_color=&#8220;#FFFFFF&#8220; custom_padding=&#8220;1px||0px||false|false&#8220; global_colors_info=&#8220;{%22gcid-body-color%22:%91%22body_text_color%22,%22body_text_color%22,%22body_text_color%22,%22body_text_color%22,%22body_text_color%22,%22body_text_color%22%93,%22gcid-primary-color%22:%91%22body_link_text_color%22,%22icon_color%22,%22body_link_text_color%22,%22icon_color%22,%22body_link_text_color%22,%22icon_color%22,%22body_link_text_color%22,%22icon_color%22,%22body_link_text_color%22,%22icon_color%22,%22body_link_text_color%22,%22icon_color%22%93}&#8220;][\/et_pb_blurb][et_pb_blurb title=&#8220;Einsch\u00e4tzung entwicklungshemmender Faktoren&#8220; use_icon=&#8220;on&#8220; font_icon=&#8220;&#x4e;||divi||400&#8243; icon_placement=&#8220;left&#8220; _builder_version=&#8220;4.27.0&#8243; _module_preset=&#8220;default&#8220; header_font=&#8220;Comfortaa_local|&#8211;et_global_heading_font_weight|||||||&#8220; header_text_color=&#8220;#FFFFFF&#8220; custom_padding=&#8220;1px||0px||false|false&#8220; global_colors_info=&#8220;{%22gcid-body-color%22:%91%22body_text_color%22,%22body_text_color%22,%22body_text_color%22,%22body_text_color%22,%22body_text_color%22,%22body_text_color%22%93,%22gcid-primary-color%22:%91%22body_link_text_color%22,%22icon_color%22,%22body_link_text_color%22,%22icon_color%22,%22body_link_text_color%22,%22icon_color%22,%22body_link_text_color%22,%22icon_color%22,%22body_link_text_color%22,%22icon_color%22,%22body_link_text_color%22,%22icon_color%22%93}&#8220;][\/et_pb_blurb][et_pb_blurb title=&#8220;Einsch\u00e4tzung bestehender Netzwerke&#8220; use_icon=&#8220;on&#8220; font_icon=&#8220;&#x4e;||divi||400&#8243; icon_placement=&#8220;left&#8220; _builder_version=&#8220;4.27.0&#8243; _module_preset=&#8220;default&#8220; header_font=&#8220;Comfortaa_local|&#8211;et_global_heading_font_weight|||||||&#8220; header_text_color=&#8220;#FFFFFF&#8220; custom_padding=&#8220;1px||0px||false|false&#8220; global_colors_info=&#8220;{%22gcid-body-color%22:%91%22body_text_color%22,%22body_text_color%22,%22body_text_color%22,%22body_text_color%22,%22body_text_color%22,%22body_text_color%22%93,%22gcid-primary-color%22:%91%22body_link_text_color%22,%22icon_color%22,%22body_link_text_color%22,%22icon_color%22,%22body_link_text_color%22,%22icon_color%22,%22body_link_text_color%22,%22icon_color%22,%22body_link_text_color%22,%22icon_color%22,%22body_link_text_color%22,%22icon_color%22%93}&#8220;][\/et_pb_blurb][et_pb_blurb title=&#8220;Entwicklung individueller Lebensperspektiven&#8220; use_icon=&#8220;on&#8220; font_icon=&#8220;&#x4e;||divi||400&#8243; icon_placement=&#8220;left&#8220; _builder_version=&#8220;4.27.0&#8243; _module_preset=&#8220;default&#8220; header_font=&#8220;Comfortaa_local|&#8211;et_global_heading_font_weight|||||||&#8220; header_text_color=&#8220;#FFFFFF&#8220; custom_padding=&#8220;1px||0px||false|false&#8220; global_colors_info=&#8220;{%22gcid-body-color%22:%91%22body_text_color%22,%22body_text_color%22,%22body_text_color%22,%22body_text_color%22,%22body_text_color%22,%22body_text_color%22%93,%22gcid-primary-color%22:%91%22body_link_text_color%22,%22icon_color%22,%22body_link_text_color%22,%22icon_color%22,%22body_link_text_color%22,%22icon_color%22,%22body_link_text_color%22,%22icon_color%22,%22body_link_text_color%22,%22icon_color%22,%22body_link_text_color%22,%22icon_color%22%93}&#8220;][\/et_pb_blurb][et_pb_divider show_divider=&#8220;off&#8220; _builder_version=&#8220;4.27.0&#8243; _module_preset=&#8220;default&#8220; max_height=&#8220;30px&#8220; global_colors_info=&#8220;{}&#8220;][\/et_pb_divider][et_pb_button button_text=&#8220;0211 &#8211; 583 150 87&#8243; _builder_version=&#8220;4.27.0&#8243; _module_preset=&#8220;cbff0763-4f8b-4184-8d71-5d6c5123c125&#8243; button_bg_color=&#8220;#9D9D9C&#8220; global_colors_info=&#8220;{}&#8220;][\/et_pb_button][\/et_pb_column][\/et_pb_row][\/et_pb_section][et_pb_section fb_built=&#8220;1&#8243; _builder_version=&#8220;4.27.0&#8243; _module_preset=&#8220;default&#8220; da_disable_devices=&#8220;off|off|off&#8220; global_colors_info=&#8220;{}&#8220; da_is_popup=&#8220;off&#8220; da_exit_intent=&#8220;off&#8220; da_has_close=&#8220;on&#8220; da_alt_close=&#8220;off&#8220; da_dark_close=&#8220;off&#8220; da_not_modal=&#8220;on&#8220; da_is_singular=&#8220;off&#8220; da_with_loader=&#8220;off&#8220; da_has_shadow=&#8220;on&#8220;][et_pb_row column_structure=&#8220;2_3,1_3&#8243; use_custom_gutter=&#8220;on&#8220; _builder_version=&#8220;4.27.0&#8243; _module_preset=&#8220;default&#8220; global_colors_info=&#8220;{}&#8220;][et_pb_column type=&#8220;2_3&#8243; _builder_version=&#8220;4.27.0&#8243; _module_preset=&#8220;default&#8220; global_colors_info=&#8220;{}&#8220;][et_pb_text _builder_version=&#8220;4.27.0&#8243; _module_preset=&#8220;default&#8220; header_3_font=&#8220;&#8211;et_global_heading_font|700||on|||||&#8220; header_3_text_color=&#8220;#075B90&#8243; header_3_font_size=&#8220;22px&#8220; locked=&#8220;off&#8220; global_colors_info=&#8220;{%22gcid-primary-color%22:%91%22link_text_color%22,%22link_text_color%22%93,%22gcid-heading-color%22:%91%22header_text_color%22,%22header_4_text_color%22,%22header_2_text_color%22,%22header_5_text_color%22,%22header_6_text_color%22,%22quote_text_color%22,%22header_text_color%22,%22header_4_text_color%22,%22header_2_text_color%22,%22header_5_text_color%22,%22header_6_text_color%22,%22quote_text_color%22%93,%22gcid-body-color%22:%91%22text_text_color%22,%22text_text_color%22%93,%22gcid-secondary-color%22:%91%22quote_border_color%22,%22quote_border_color%22%93}&#8220;]<\/p>\n<h3>Clearing<\/h3>\n<p>[\/et_pb_text][et_pb_text _builder_version=&#8220;4.27.0&#8243; _module_preset=&#8220;default&#8220; locked=&#8220;off&#8220; global_colors_info=&#8220;{}&#8220;]<\/p>\n<p><span>Das ambulante Clearing ist eine geeignete Verfahrensweise bei unklaren oder schwer einsch\u00e4tzbaren Ausgangsbedingungen, in denen gekl\u00e4rt werden soll, welche Hilfeform notwendig und geeignete sein kann.<\/span><\/p>\n<p>[\/et_pb_text][et_pb_text _builder_version=&#8220;4.27.0&#8243; _module_preset=&#8220;default&#8220; header_5_font=&#8220;&#8211;et_global_heading_font|700||on|||||&#8220; header_5_text_color=&#8220;#075B90&#8243; locked=&#8220;off&#8220; global_colors_info=&#8220;{%22gcid-primary-color%22:%91%22link_text_color%22%93,%22gcid-heading-color%22:%91%22header_text_color%22,%22header_4_text_color%22,%22header_3_text_color%22,%22header_2_text_color%22,%22header_6_text_color%22,%22quote_text_color%22%93,%22gcid-body-color%22:%91%22text_text_color%22%93,%22gcid-secondary-color%22:%91%22quote_border_color%22%93}&#8220;]<\/p>\n<h5>Zielgruppe<\/h5>\n<p>Kinder, Jugendliche und famili\u00e4re Systeme mit unterschiedlichen Problemlagen, bei denen die Frage zu kl\u00e4ren ist, ob bzw. welche weiterf\u00fchrenden Hilfen notwendig sind.[\/et_pb_text][et_pb_text _builder_version=&#8220;4.27.0&#8243; _module_preset=&#8220;default&#8220; header_5_font=&#8220;&#8211;et_global_heading_font|700||on|||||&#8220; header_5_text_color=&#8220;#075B90&#8243; locked=&#8220;off&#8220; global_colors_info=&#8220;{%22gcid-primary-color%22:%91%22link_text_color%22%93,%22gcid-heading-color%22:%91%22header_text_color%22,%22header_4_text_color%22,%22header_3_text_color%22,%22header_2_text_color%22,%22header_6_text_color%22,%22quote_text_color%22%93,%22gcid-body-color%22:%91%22text_text_color%22%93,%22gcid-secondary-color%22:%91%22quote_border_color%22%93}&#8220;]<\/p>\n<h5>Ziele<\/h5>\n<ul>\n<li>der Abkl\u00e4rung der famili\u00e4ren und der erzieherischen Situation f\u00fcr Familien in Krisen<\/li>\n<li>der Einsch\u00e4tzung der Ressourcen und M\u00f6glichkeiten von Familien, Kindern und Jugendlichen<\/li>\n<li>der Einsch\u00e4tzung von entwicklungshemmenden Faktoren<\/li>\n<li>der Einsch\u00e4tzung bestehender Netzwerke<\/li>\n<li>der Entwicklung individueller Lebensperspektiven f\u00fcr die Familie, das Kind oder den Jugendlichen unter besonderer Ber\u00fccksichtigung seines famili\u00e4ren Hintergrundes<\/li>\n<li>Konzipierung individueller und bedarfsorientierter Hilfeformen<\/li>\n<li>Kl\u00e4rung von Art und Umfang nachfolgender Hilfeformen.<\/li>\n<\/ul>\n<p>[\/et_pb_text][et_pb_text _builder_version=&#8220;4.27.0&#8243; _module_preset=&#8220;default&#8220; header_5_font=&#8220;&#8211;et_global_heading_font|700||on|||||&#8220; header_5_text_color=&#8220;#075B90&#8243; locked=&#8220;off&#8220; global_colors_info=&#8220;{%22gcid-primary-color%22:%91%22link_text_color%22%93,%22gcid-heading-color%22:%91%22header_text_color%22,%22header_4_text_color%22,%22header_3_text_color%22,%22header_2_text_color%22,%22header_6_text_color%22,%22quote_text_color%22%93,%22gcid-body-color%22:%91%22text_text_color%22%93,%22gcid-secondary-color%22:%91%22quote_border_color%22%93}&#8220;]<\/p>\n<h5>Umfang der Leistung<\/h5>\n<p>Der Zeitraum kann je nach Ausgangslage variieren. In der Regel kann allerdings von einem Umfang von sechs bis zw\u00f6lf Wochen ausgegangen werden. Alle Leistungen werden mit dem Kostentr\u00e4ger in regelm\u00e4\u00dfigen Abst\u00e4nden abgesprochen und reflektiert.<\/p>\n<p>[\/et_pb_text][et_pb_text _builder_version=&#8220;4.27.0&#8243; _module_preset=&#8220;default&#8220; header_5_font=&#8220;&#8211;et_global_heading_font|700||on|||||&#8220; header_5_text_color=&#8220;#075B90&#8243; custom_margin=&#8220;||50px||false|false&#8220; locked=&#8220;off&#8220; global_colors_info=&#8220;{%22gcid-primary-color%22:%91%22link_text_color%22%93,%22gcid-heading-color%22:%91%22header_text_color%22,%22header_4_text_color%22,%22header_3_text_color%22,%22header_2_text_color%22,%22header_6_text_color%22,%22quote_text_color%22%93,%22gcid-body-color%22:%91%22text_text_color%22%93,%22gcid-secondary-color%22:%91%22quote_border_color%22%93}&#8220;]<\/p>\n<h5>Rechtliche Grundlage<\/h5>\n<p>Clearing ist ein Angebot gem\u00e4\u00df \u00a7 35a, \u00a7 37 i. V. m. \u00a7 27 SGB VIII[\/et_pb_text][et_pb_button button_text=&#8220;\u00dcbersicht ambulante Hilfen&#8220; _builder_version=&#8220;4.27.4&#8243; _module_preset=&#8220;cbff0763-4f8b-4184-8d71-5d6c5123c125&#8243; button_text_size=&#8220;15px&#8220; button_bg_color=&#8220;#9D9D9C&#8220; button_font=&#8220;&#8211;et_global_heading_font|||on|||||&#8220; button_use_icon=&#8220;off&#8220; custom_margin=&#8220;25px|20px|25px|20px|true|true&#8220; custom_padding=&#8220;12px|35px|12px|35px|true|true&#8220; hover_enabled=&#8220;0&#8243; locked=&#8220;off&#8220; global_colors_info=&#8220;{}&#8220; button_url=&#8220;https:\/\/irene-wolk.de\/zwischenschritt\/ambulante-hilfen&#8220; sticky_enabled=&#8220;0&#8243;][\/et_pb_button][et_pb_menu menu_id=&#8220;24&#8243; menu_style=&#8220;centered&#8220; submenu_direction=&#8220;upwards&#8220; active_link_color=&#8220;#075B90&#8243; dropdown_menu_bg_color=&#8220;#ffffff&#8220; dropdown_menu_line_color=&#8220;#707173&#8243; dropdown_menu_text_color=&#8220;#707173&#8243; dropdown_menu_active_link_color=&#8220;#075B90&#8243; mobile_menu_bg_color=&#8220;#ececed&#8220; mobile_menu_text_color=&#8220;#6B7589&#8243; disabled_on=&#8220;off|off|on&#8220; _builder_version=&#8220;4.27.0&#8243; _module_preset=&#8220;default&#8220; menu_font=&#8220;||||||||&#8220; menu_text_color=&#8220;#6B7589&#8243; locked=&#8220;off&#8220; global_colors_info=&#8220;{}&#8220;][\/et_pb_menu][\/et_pb_column][et_pb_column type=&#8220;1_3&#8243; _builder_version=&#8220;4.27.0&#8243; _module_preset=&#8220;default&#8220; border_width_left=&#8220;1px&#8220; border_color_left=&#8220;#9D9D9C&#8220; global_colors_info=&#8220;{}&#8220;][dsm_menu title=&#8220;Ambulante Hilfen&#8220; menu_id=&#8220;24&#8243; use_schema_markup=&#8220;off&#8220; menu_link_text_color=&#8220;#6B7589&#8243; active_link_color=&#8220;#075B90&#8243; menu_link_text_active_color=&#8220;#075B90&#8243; menu_link_text_visited_color=&#8220;#9D9D9C&#8220; menu_left_space=&#8220;15px&#8220; list_style_type=&#8220;none&#8220; _builder_version=&#8220;4.27.0&#8243; _module_preset=&#8220;default&#8220; header_font=&#8220;|700|||||||&#8220; header_text_align=&#8220;left&#8220; header_text_color=&#8220;#075B90&#8243; menu_font=&#8220;&#8211;et_global_heading_font|||on|||||&#8220; menu_font_size=&#8220;15px&#8220; menu_line_height=&#8220;2.8em&#8220; custom_padding=&#8220;40px|4px|40px|15px|true|false&#8220; custom_css_main_element=&#8220;width: 90%;||padding: 0.5vh 15px;||&#8220; global_module=&#8220;85341&#8243; global_colors_info=&#8220;{}&#8220;][\/dsm_menu][\/et_pb_column][\/et_pb_row][\/et_pb_section]<\/p>\n","protected":false},"excerpt":{"rendered":"<p>Kl\u00e4rung der HilfeformenClearingClearingDas ambulante Clearing ist eine geeignete Verfahrensweise bei unklaren oder schwer einsch\u00e4tzbaren Ausgangsbedingungen, in denen gekl\u00e4rt werden soll, welche Hilfeform notwendig und geeignete sein kann.Zielgruppe Kinder, Jugendliche und famili\u00e4re Systeme mit unterschiedlichen Problemlagen, bei denen die Frage zu kl\u00e4ren ist, ob bzw. welche weiterf\u00fchrenden Hilfen notwendig sind.Ziele der Abkl\u00e4rung der famili\u00e4ren und der [&hellip;]<\/p>\n","protected":false},"author":1,"featured_media":0,"parent":0,"menu_order":0,"comment_status":"closed","ping_status":"closed","template":"","meta":{"_et_pb_use_builder":"on","_et_pb_old_content":"<!-- wp:divi\/placeholder \/-->","_et_gb_content_width":"","footnotes":""},"class_list":["post-85283","page","type-page","status-publish","hentry"],"yoast_head":"<!-- This site is optimized with the Yoast SEO plugin v27.4 - https:\/\/yoast.com\/product\/yoast-seo-wordpress\/ -->\n<title>Clearing - Zwischenschritt Jugendhilfe<\/title>\n<meta name=\"robots\" content=\"noindex, follow, max-snippet:-1, max-image-preview:large, max-video-preview:-1\" \/>\n<meta property=\"og:locale\" content=\"de_DE\" \/>\n<meta property=\"og:type\" content=\"article\" \/>\n<meta property=\"og:title\" content=\"Clearing - Zwischenschritt Jugendhilfe\" \/>\n<meta property=\"og:description\" content=\"Kl\u00e4rung der HilfeformenClearingClearingDas ambulante Clearing ist eine geeignete Verfahrensweise bei unklaren oder schwer einsch\u00e4tzbaren Ausgangsbedingungen, in denen gekl\u00e4rt werden soll, welche Hilfeform notwendig und geeignete sein kann.Zielgruppe Kinder, Jugendliche und famili\u00e4re Systeme mit unterschiedlichen Problemlagen, bei denen die Frage zu kl\u00e4ren ist, ob bzw. welche weiterf\u00fchrenden Hilfen notwendig sind.Ziele der Abkl\u00e4rung der famili\u00e4ren und der [&hellip;]\" \/>\n<meta property=\"og:url\" content=\"https:\/\/irene-wolk.de\/zwischenschritt\/clearing\/\" \/>\n<meta property=\"og:site_name\" content=\"Zwischenschritt Jugendhilfe\" \/>\n<meta property=\"article:modified_time\" content=\"2025-08-11T12:57:56+00:00\" \/>\n<meta name=\"twitter:card\" content=\"summary_large_image\" \/>\n<script type=\"application\/ld+json\" class=\"yoast-schema-graph\">{\"@context\":\"https:\\\/\\\/schema.org\",\"@graph\":[{\"@type\":\"WebPage\",\"@id\":\"https:\\\/\\\/irene-wolk.de\\\/zwischenschritt\\\/clearing\\\/\",\"url\":\"https:\\\/\\\/irene-wolk.de\\\/zwischenschritt\\\/clearing\\\/\",\"name\":\"Clearing - Zwischenschritt Jugendhilfe\",\"isPartOf\":{\"@id\":\"https:\\\/\\\/irene-wolk.de\\\/zwischenschritt\\\/#website\"},\"datePublished\":\"2024-08-24T10:25:40+00:00\",\"dateModified\":\"2025-08-11T12:57:56+00:00\",\"breadcrumb\":{\"@id\":\"https:\\\/\\\/irene-wolk.de\\\/zwischenschritt\\\/clearing\\\/#breadcrumb\"},\"inLanguage\":\"de\",\"potentialAction\":[{\"@type\":\"ReadAction\",\"target\":[\"https:\\\/\\\/irene-wolk.de\\\/zwischenschritt\\\/clearing\\\/\"]}]},{\"@type\":\"BreadcrumbList\",\"@id\":\"https:\\\/\\\/irene-wolk.de\\\/zwischenschritt\\\/clearing\\\/#breadcrumb\",\"itemListElement\":[{\"@type\":\"ListItem\",\"position\":1,\"name\":\"Startseite\",\"item\":\"https:\\\/\\\/irene-wolk.de\\\/zwischenschritt\\\/\"},{\"@type\":\"ListItem\",\"position\":2,\"name\":\"Clearing\"}]},{\"@type\":\"WebSite\",\"@id\":\"https:\\\/\\\/irene-wolk.de\\\/zwischenschritt\\\/#website\",\"url\":\"https:\\\/\\\/irene-wolk.de\\\/zwischenschritt\\\/\",\"name\":\"Zwischenschritt Jugendhilfe\",\"description\":\"Ambulante Angebote und Wohnprojekte\",\"potentialAction\":[{\"@type\":\"SearchAction\",\"target\":{\"@type\":\"EntryPoint\",\"urlTemplate\":\"https:\\\/\\\/irene-wolk.de\\\/zwischenschritt\\\/?s={search_term_string}\"},\"query-input\":{\"@type\":\"PropertyValueSpecification\",\"valueRequired\":true,\"valueName\":\"search_term_string\"}}],\"inLanguage\":\"de\"}]}<\/script>\n<!-- \/ Yoast SEO plugin. -->","yoast_head_json":{"title":"Clearing - Zwischenschritt Jugendhilfe","robots":{"index":"noindex","follow":"follow","max-snippet":"max-snippet:-1","max-image-preview":"max-image-preview:large","max-video-preview":"max-video-preview:-1"},"og_locale":"de_DE","og_type":"article","og_title":"Clearing - Zwischenschritt Jugendhilfe","og_description":"Kl\u00e4rung der HilfeformenClearingClearingDas ambulante Clearing ist eine geeignete Verfahrensweise bei unklaren oder schwer einsch\u00e4tzbaren Ausgangsbedingungen, in denen gekl\u00e4rt werden soll, welche Hilfeform notwendig und geeignete sein kann.Zielgruppe Kinder, Jugendliche und famili\u00e4re Systeme mit unterschiedlichen Problemlagen, bei denen die Frage zu kl\u00e4ren ist, ob bzw. welche weiterf\u00fchrenden Hilfen notwendig sind.Ziele der Abkl\u00e4rung der famili\u00e4ren und der [&hellip;]","og_url":"https:\/\/irene-wolk.de\/zwischenschritt\/clearing\/","og_site_name":"Zwischenschritt Jugendhilfe","article_modified_time":"2025-08-11T12:57:56+00:00","twitter_card":"summary_large_image","schema":{"@context":"https:\/\/schema.org","@graph":[{"@type":"WebPage","@id":"https:\/\/irene-wolk.de\/zwischenschritt\/clearing\/","url":"https:\/\/irene-wolk.de\/zwischenschritt\/clearing\/","name":"Clearing - Zwischenschritt Jugendhilfe","isPartOf":{"@id":"https:\/\/irene-wolk.de\/zwischenschritt\/#website"},"datePublished":"2024-08-24T10:25:40+00:00","dateModified":"2025-08-11T12:57:56+00:00","breadcrumb":{"@id":"https:\/\/irene-wolk.de\/zwischenschritt\/clearing\/#breadcrumb"},"inLanguage":"de","potentialAction":[{"@type":"ReadAction","target":["https:\/\/irene-wolk.de\/zwischenschritt\/clearing\/"]}]},{"@type":"BreadcrumbList","@id":"https:\/\/irene-wolk.de\/zwischenschritt\/clearing\/#breadcrumb","itemListElement":[{"@type":"ListItem","position":1,"name":"Startseite","item":"https:\/\/irene-wolk.de\/zwischenschritt\/"},{"@type":"ListItem","position":2,"name":"Clearing"}]},{"@type":"WebSite","@id":"https:\/\/irene-wolk.de\/zwischenschritt\/#website","url":"https:\/\/irene-wolk.de\/zwischenschritt\/","name":"Zwischenschritt Jugendhilfe","description":"Ambulante Angebote und Wohnprojekte","potentialAction":[{"@type":"SearchAction","target":{"@type":"EntryPoint","urlTemplate":"https:\/\/irene-wolk.de\/zwischenschritt\/?s={search_term_string}"},"query-input":{"@type":"PropertyValueSpecification","valueRequired":true,"valueName":"search_term_string"}}],"inLanguage":"de"}]}},"_links":{"self":[{"href":"https:\/\/irene-wolk.de\/zwischenschritt\/wp-json\/wp\/v2\/pages\/85283","targetHints":{"allow":["GET"]}}],"collection":[{"href":"https:\/\/irene-wolk.de\/zwischenschritt\/wp-json\/wp\/v2\/pages"}],"about":[{"href":"https:\/\/irene-wolk.de\/zwischenschritt\/wp-json\/wp\/v2\/types\/page"}],"author":[{"embeddable":true,"href":"https:\/\/irene-wolk.de\/zwischenschritt\/wp-json\/wp\/v2\/users\/1"}],"replies":[{"embeddable":true,"href":"https:\/\/irene-wolk.de\/zwischenschritt\/wp-json\/wp\/v2\/comments?post=85283"}],"version-history":[{"count":0,"href":"https:\/\/irene-wolk.de\/zwischenschritt\/wp-json\/wp\/v2\/pages\/85283\/revisions"}],"wp:attachment":[{"href":"https:\/\/irene-wolk.de\/zwischenschritt\/wp-json\/wp\/v2\/media?parent=85283"}],"curies":[{"name":"wp","href":"https:\/\/api.w.org\/{rel}","templated":true}]}}